{"id":11,"date":"2020-02-14T12:20:21","date_gmt":"2020-02-14T11:20:21","guid":{"rendered":"https:\/\/www3.kaiserslautern.de\/gaco\/?page_id=11"},"modified":"2023-09-20T16:51:23","modified_gmt":"2023-09-20T14:51:23","slug":"impressum","status":"publish","type":"page","link":"https:\/\/www3.kaiserslautern.de\/gaco\/impressum\/","title":{"rendered":"Impressum"},"content":{"rendered":"<p><b>Impressum:<\/b><\/p>\n<p>&nbsp;<\/p>\n<p>Stadt Kaiserslautern<br \/>\nStadtverwaltung Rathaus<br \/>\nWilly-Brandt-Platz 1<br \/>\n67657 Kaiserslautern<br \/>\nTelefon: +49 631 365-0<br \/>\nTelefax: +49 631 365-2553<br \/>\n<a href=\"mailto:stadt@kaiserslautern.de\">E-Mail-Adresse<\/a><br \/>\n<a href=\"http:\/\/www.kaiserslautern.de\/\" target=\"_blank\" rel=\"noopener noreferrer\">Homepage<\/a><\/p>\n<p>&nbsp;<\/p>\n<p>Die Stadt Kaiserslautern ist eine K\u00f6rperschaft des \u00f6ffentlichen Rechts.<br \/>\nSie wird vertreten durch die Oberb\u00fcrgermeisterin Beate Kimmel.<\/p>\n<p>&nbsp;<\/p>\n<p>Die Umsatzsteuer-Identifikationsnummer gem\u00e4\u00df \u00a7 27 a Umsatzsteuergesetz lautet:<br \/>\nDE 148641057.<\/p>\n<p>&nbsp;<\/p>\n<p>Inhaltlich Verantwortlich gem\u00e4\u00df \u00a7 6 MDStV:<\/p>\n<p>&nbsp;<\/p>\n<p>Stadtverwaltung Kaiserslautern<br \/>\nReferat Organisationsmanagement<\/p>\n<p>&nbsp;<\/p>\n<p>Konzeption, Realisierung, Programmierung und Design<br \/>\nReferat Organisationsmanagement<br \/>\nWilly-Brandt-Platz 1<br \/>\n67657 Kaiserslautern<br \/>\nTel.: +49 631 365-4146<\/p>\n<p>Abteilung IuK<br \/>\nEmail: webmaster@kaiserslautern.de<\/p>\n<p>&nbsp;<\/p>\n<p>Rechtlicher Hinweis:<\/p>\n<p>&nbsp;<\/p>\n<p>Die Stadt Kaiserslautern ist bem\u00fcht, f\u00fcr Richtigkeit und Aktualit\u00e4t aller in diesen Web-Seiten enthaltenen Informationen und Daten zu sorgen.<br \/>\nEine Haftung oder Garantie f\u00fcr Aktualit\u00e4t, Richtigkeit und Vollst\u00e4ndigkeit der -uns zur Verf\u00fcgung gestellten- Informationen ist jedoch ausgeschlossen.<br \/>\nDies gilt insbesondere auch f\u00fcr alle anderen Webseiten, die mit einem Hyperlink angew\u00e4hlt werden. Die Stadt Kaiserslautern ist f\u00fcr den Inhalt solcher Seiten, die mittels eines o.g. Links zustande kommen, ebenfalls nicht verantwortlich.<br \/>\nDie Stadt Kaiserslautern beh\u00e4lt sich vor, \u00c4nderungen oder Erg\u00e4nzungen der bereitgestellten Informationen -ohne Ank\u00fcndigung- vorzunehmen.<br \/>\nInhaltlich sind die Seiten der Stadt Kaiserslautern urheberrechtlich gesch\u00fctzt. Vervielf\u00e4ltigung von Informationen und\/oder Daten, insbesondere die Verwendung von Texten, Textteilen oder jegliches Bildmaterial (auch in modifizierter Form) bedarf der vorherigen schriftlichen Zustimmung der Stadt Kaiserslautern.<br \/>\nAusschlie\u00dflich deutschem Recht unterliegen jegliche Informationen und\/oder Daten, deren Nutzung, sowie s\u00e4mtliches mit den Webseiten der Stadt Kaiserslautern zusammenh\u00e4ngendes Tun, Dulden oder Unterlassen.<br \/>\nErf\u00fcllungsort und ausschlie\u00dflicher Gerichtsstand ist Kaiserslautern.<\/p>\n<p>&nbsp;<\/p>\n<p>Copyright \u00a9 Stadtverwaltung Kaiserslautern, 2008<\/p>\n<p>&nbsp;<\/p>\n<p>&nbsp;<\/p>\n<p><a name=\"Imprint\"><\/a><span style=\"color: #808080;\"><b>Imprint:<\/b><\/span><\/p>\n<p>&nbsp;<\/p>\n<p><span style=\"color: #808080;\">City of Kaiserslautern<\/span><br \/>\n<span style=\"color: #808080;\">Stadtverwaltung Rathaus<\/span><br \/>\n<span style=\"color: #808080;\">Willy-Brandt-Platz 1<\/span><br \/>\n<span style=\"color: #808080;\">67657 Kaiserslautern<\/span><br \/>\n<span style=\"color: #808080;\">Telephone: +49 631 365-0<\/span><br \/>\n<span style=\"color: #808080;\">Fax: +49 631 365-2553<\/span><br \/>\n<a href=\"mailto:stadt@kaiserslautern.de\">E-mail<\/a><br \/>\n<a href=\"http:\/\/www.kaiserslautern.de\/\" target=\"_blank\" rel=\"noopener noreferrer\">Homepage<\/a><\/p>\n<p>&nbsp;<\/p>\n<p><span style=\"color: #808080;\">The city of Kaiserslautern is a public body.<\/span><br \/>\n<span style=\"color: #808080;\">It is represented by the Lord Mayor Beate Kimmel.<\/span><\/p>\n<p>&nbsp;<\/p>\n<p><span style=\"color: #808080;\">Turnover tax identification number acording to \u00a7 27 a of the German Turnover Tax Law is:<\/span><br \/>\n<span style=\"color: #808080;\">DE 148641057.<\/span><\/p>\n<p>&nbsp;<\/p>\n<p><span style=\"color: #808080;\">Responsible for the cintent according to \u00a7 6 MDStV [Government Contract for Media Services]:<\/span><\/p>\n<p>&nbsp;<\/p>\n<p><span style=\"color: #808080;\">Municipal government of Kaiserslautern<\/span><br \/>\n<span style=\"color: #808080;\">Organization Management Department<\/span><\/p>\n<p>&nbsp;<\/p>\n<p><span style=\"color: #808080;\">represented by:<\/span><\/p>\n<p><span style=\"color: #808080;\">Referat Organisationsmanagement<\/span><br \/>\n<span style=\"color: #808080;\">Willy-Brandt-Platz 1<\/span><br \/>\n<span style=\"color: #808080;\">67657 Kaiserslautern<\/span><br \/>\n<span style=\"color: #808080;\">Tel.: +49 631 365-4146<\/span><\/p>\n<p>&nbsp;<\/p>\n<p><span style=\"color: #808080;\">Abteilung IuK<\/span><br \/>\n<span style=\"color: #808080;\">Email: webmaster@kaiserslautern.de<\/span><\/p>\n<p>&nbsp;<\/p>\n<p>&nbsp;<\/p>\n<p><span style=\"color: #808080;\">Legal notice:<\/span><\/p>\n<p>&nbsp;<\/p>\n<p><span style=\"color: #808080;\">The city of Kaiserslautern is keen to ensure correctness and topicality of all information and data on these web pages.<\/span><br \/>\n<span style=\"color: #808080;\">However, liability for or guarantee of topicality, correctness and completeness of the information provided by us is excluded.<\/span><br \/>\n<span style=\"color: #808080;\">This applies in particular to all other web pages that can be entered via a hyperlink. The city of Kaiserslautern is not responsible for the content of such pages that are entered via the above-mentioned link.<\/span><br \/>\n<span style=\"color: #808080;\">The city of Kaiserslautern reserves the right to modify or supplement the provided information without prior notice.<\/span><br \/>\n<span style=\"color: #808080;\">The content of the pages of the city of Kaiserslautern is protected by copyright. Copying of information and\/or data, in particular utilization of texts, parts of the texts or any pictures or images (also in modified form) requires prior consent in writing of the city of Kaiserslautern.<\/span><br \/>\n<span style=\"color: #808080;\">All information and\/or data, their utilization as well as all actions, toleration or omission in connection with the web pages of the city of Kaiserslautern are exclusively subject to German law.<\/span><br \/>\n<span style=\"color: #808080;\">Place of performance and sole place of jurisdiction is Kaiserslautern.<\/span><\/p>\n<p>&nbsp;<\/p>\n<p><span style=\"color: #808080;\">Copyright \u00a9 Municipal government Kaiserslautern, 2008<\/span><\/p>\n","protected":false},"excerpt":{"rendered":"<p>Impressum: &nbsp; Stadt Kaiserslautern Stadtverwaltung Rathaus Willy-Brandt-Platz 1 67657 Kaiserslautern Telefon: +49 631 365-0 Telefax: +49 631 365-2553 E-Mail-Adresse Homepage &nbsp; Die Stadt Kaiserslautern ist eine K\u00f6rperschaft des \u00f6ffentlichen Rechts. Sie wird vertreten durch die Oberb\u00fcrgermeisterin Beate Kimmel. &nbsp; Die Umsatzsteuer-Identifikationsnummer gem\u00e4\u00df \u00a7 27 a Umsatzsteuergesetz lautet: DE 148641057. &nbsp; Inhaltlich Verantwortlich gem\u00e4\u00df \u00a7 6 [&hellip;]<\/p>\n","protected":false},"author":1,"featured_media":0,"parent":0,"menu_order":0,"comment_status":"closed","ping_status":"closed","template":"","meta":[],"_links":{"self":[{"href":"https:\/\/www3.kaiserslautern.de\/gaco\/wp-json\/wp\/v2\/pages\/11"}],"collection":[{"href":"https:\/\/www3.kaiserslautern.de\/gaco\/wp-json\/wp\/v2\/pages"}],"about":[{"href":"https:\/\/www3.kaiserslautern.de\/gaco\/wp-json\/wp\/v2\/types\/page"}],"author":[{"embeddable":true,"href":"https:\/\/www3.kaiserslautern.de\/gaco\/wp-json\/wp\/v2\/users\/1"}],"replies":[{"embeddable":true,"href":"https:\/\/www3.kaiserslautern.de\/gaco\/wp-json\/wp\/v2\/comments?post=11"}],"version-history":[{"count":6,"href":"https:\/\/www3.kaiserslautern.de\/gaco\/wp-json\/wp\/v2\/pages\/11\/revisions"}],"predecessor-version":[{"id":493,"href":"https:\/\/www3.kaiserslautern.de\/gaco\/wp-json\/wp\/v2\/pages\/11\/revisions\/493"}],"wp:attachment":[{"href":"https:\/\/www3.kaiserslautern.de\/gaco\/wp-json\/wp\/v2\/media?parent=11"}],"curies":[{"name":"wp","href":"https:\/\/api.w.org\/{rel}","templated":true}]}}