{"id":3,"date":"2020-02-14T11:36:21","date_gmt":"2020-02-14T10:36:21","guid":{"rendered":"https:\/\/www3.kaiserslautern.de\/gaco\/?page_id=3"},"modified":"2020-02-18T09:58:23","modified_gmt":"2020-02-18T08:58:23","slug":"datenschutzerklaerung","status":"publish","type":"page","link":"https:\/\/www3.kaiserslautern.de\/gaco\/datenschutzerklaerung\/","title":{"rendered":"Datenschutzerkl\u00e4rung"},"content":{"rendered":"<h1>Datenschutzerkl\u00e4rung<\/h1>\n<p>Mit diesen Datenschutzerkl\u00e4rung informieren wir Sie \u00fcber die Verarbeitung Ihrer personenbezogenen Daten auf der Website https:\/\/www.kaiserslautern.de durch uns sowie \u00fcber die Ihnen zustehenden Rechte.<\/p>\n<p>Soweit auf andere Seiten verlinkt wird, haben wir weder Einfluss noch Kontrolle auf die verlinkten Inhalte und die dortigen Datenschutzbestimmungen. Wir empfehlen, die Datenschutzerkl\u00e4rungen auf den Webseiten zu pr\u00fcfen, um feststellen zu k\u00f6nnen, ob und in welchem Umfang personenbezogene Daten erhoben, verarbeitet, genutzt oder und Dritten zug\u00e4nglich gemacht werden.<\/p>\n<p>&nbsp;<\/p>\n<h2>I. Name und Anschrift des Verantwortlichen<\/h2>\n<p>Der Verantwortliche im Sinne der Datenschutz-Grundverordnung (DS-GVO) und anderer nationaler Datenschutzgesetze der Mitgliedsstaaten sowie sonstiger datenschutzrechtlicher Bestimmungen ist die:<\/p>\n<p>&nbsp;<\/p>\n<p>Stadt Kaiserslautern<\/p>\n<p>Stadtverwaltung Rathaus<\/p>\n<p>Willy-Brandt-Platz 1<\/p>\n<p>67657 Kaiserslautern<\/p>\n<p>&nbsp;<\/p>\n<p>vertreten durch den Oberb\u00fcrgermeister Dr. Klaus Weichel<\/p>\n<p>&nbsp;<\/p>\n<p>Telefon: +49 631 365-0<\/p>\n<p>Telefax: +49 631 365-2553<\/p>\n<p>E-Mail: <a href=\"mailto:stadt@kaiserslautern.de\">stadt@kaiserslautern.de<\/a><\/p>\n<h2>II. Datenschutzbeauftragter<\/h2>\n<p>So erreichen Sie unseren Datenschutzbeauftragten:<\/p>\n<p>&nbsp;<\/p>\n<p>Datenschutzbeauftragter<\/p>\n<p>Willy-Brandt-Platz 1<\/p>\n<p>67657 Kaiserslautern<\/p>\n<p>Email: datenschutz@kaiserslautern.de<\/p>\n<p>Telefon: +49 631 365-2342<\/p>\n<p>Telefax: +49 631 365-1149<\/p>\n<h2>III. Allgemeines zur Datenverarbeitung<\/h2>\n<h3>1. Begriffsbestimmungen<\/h3>\n<p>Die Datenschutzerkl\u00e4rung der Stadt Kaiserslautern beruht auf den Begriffen, die in der Datenschutz-Grundverordnung (DSGVO) verwendet werden und dort in Artikel 4 definiert sind. Der vollst\u00e4ndige Text der DS-GVO, einschlie\u00dflich der weiteren Definitionen und Begriffsbestimmungen, ist im Internet unter folgendem <a href=\"http:\/\/eur-lex.europa.eu\/legal-content\/DE\/TXT\/?uri=CELEX%3A32016R0679\">Link<\/a> (http:\/\/eur-lex.europa.eu\/legal-content\/DE\/TXT\/?uri=CELEX%3A32016R0679) verf\u00fcgbar.<\/p>\n<h3>2. Umfang der Verarbeitung personenbezogener Daten<\/h3>\n<p>Wir verarbeiten personenbezogene Daten (z.B. Online-Identifier) unserer Nutzer grunds\u00e4tzlich nur, soweit dies zur Bereitstellung einer funktionsf\u00e4higen Website sowie unserer Inhalte und Leistungen erforderlich ist. Die Verarbeitung personenbezogener Daten unserer Nutzer erfolgt regelm\u00e4\u00dfig nur nach Einwilligung des Nutzers. Eine Ausnahme gilt in solchen F\u00e4llen, in denen eine vorherige Einholung einer Einwilligung aus tats\u00e4chlichen Gr\u00fcnden nicht m\u00f6glich ist und die Verarbeitung der Daten durch gesetzliche Vorschriften gestattet ist.<\/p>\n<h3>3. Rechtsgrundlage f\u00fcr die Verarbeitung personenbezogener Daten ist<\/h3>\n<p>Art. 6 Abs. 1 Buchstabe a) DSGVO, wenn f\u00fcr die Verarbeitung eine Einwilligung der betroffenen Person einzuholen ist;<\/p>\n<p>Art. 6 Abs. 1 Buchstabe b) DSGVO, wenn die Verarbeitung der Erf\u00fcllung eines Vertrages, dessen Vertragspartei die betroffene Person ist, oder zur Durchf\u00fchrung vorvertraglicher Ma\u00dfnahmen, erforderlich ist;<\/p>\n<p>Art. 6 Abs. 1 Buchstabe c) DSGVO, wenn die Verarbeitung zur Erf\u00fcllung einer rechtlichen Verpflichtung erforderlich ist, der die Stadt Kaiserslautern unterliegt;<\/p>\n<p>Art. 6 Abs. 1 Buchstabe e) DSGVO, wenn die Verarbeitung f\u00fcr die Wahrnehmung einer Aufgabe erforderlich ist, die im \u00f6ffentlichen Interesse liegt oder in Aus\u00fcbung \u00f6ffentlicher Gewalt erfolgt, die der Stadt Kaiserslautern \u00fcbertragen wurde<\/p>\n<h3>4. Datenl\u00f6schung und Speicherdauer<\/h3>\n<p>Die personenbezogenen Daten der betroffenen Person werden gel\u00f6scht oder gesperrt, sobald der Zweck der Speicherung entf\u00e4llt. Eine Speicherung kann dar\u00fcber hinaus erfolgen, wenn dies durch den europ\u00e4ischen oder nationalen Gesetzgeber in unionsrechtlichen Verordnungen, Gesetzen oder sonstigen Vorschriften, denen die Verantwortliche unterliegt, vorgesehen ist. Eine Sperrung oder L\u00f6schung der Daten erfolgt auch dann, wenn eine durch die genannten Normen vorgeschriebene Speicherfrist abl\u00e4uft, es sei denn, dass eine Erforderlichkeit zur weiteren Speicherung der Daten f\u00fcr einen Vertragsabschluss oder eine Vertragserf\u00fcllung besteht.<\/p>\n<h2>IV. Bereitstellung der Website und Erstellung von Logfiles<\/h2>\n<h2>IV. Beschreibung und Umfang der Datenverarbeitung<\/h2>\n<h3>1. Beschreibung und Umfang der Datenverarbeitung<\/h3>\n<p>Bei jedem Aufruf unserer Internetseite erfasst unser System automatisiert Daten und Informationen vom Computersystem des aufrufenden Rechners.<\/p>\n<ul>\n<li><strong>Informationen \u00fcber den Browsertyp und die verwendete Version<\/strong><\/li>\n<li><strong>Die IP-Adresse des Nutzers<\/strong><\/li>\n<li><strong>Datum und Uhrzeit des Zugriffs<\/strong><\/li>\n<li><strong>Websites, die vom System des Nutzers \u00fcber unsere Website aufgerufen werden<\/strong><\/li>\n<\/ul>\n<p>Die Daten werden ebenfalls in den Logfiles unseres Systems gespeichert. Eine Speicherung dieser Daten zusammen mit anderen personenbezogenen Daten des Nutzers findet nicht statt.<\/p>\n<p>&nbsp;<\/p>\n<h3>2. Rechtsgrundlage f\u00fcr die Datenverarbeitung<\/h3>\n<p>Rechtsgrundlage f\u00fcr die Verarbeitung der Daten ist Art. 6 Abs. 1 Buchstabe e; Abs. 3 Buchstabe b DS-GVO i.V.m. \u00a7 3 LDSG.<\/p>\n<h3>3. Zweck der Datenverarbeitung<\/h3>\n<p>Die vor\u00fcbergehende Speicherung der IP-Adresse durch das System ist notwendig, um eine Auslieferung der Website an den Rechner des Nutzers zu erm\u00f6glichen. Hierf\u00fcr muss die IP-Adresse des Nutzers f\u00fcr die Dauer der Sitzung gespeichert bleiben.<\/p>\n<p>Die Speicherung in Logfiles erfolgt, um die Funktionsf\u00e4higkeit der Website sicherzustellen. Zudem dienen uns die Daten zur Optimierung der Website und zur Sicherstellung der Sicherheit unserer informationstechnischen Systeme. Eine Auswertung der Daten zu Marketingzwecken findet in diesem Zusammenhang nicht statt.<\/p>\n<h3>4. Dauer der Speicherung<\/h3>\n<p>Die Daten werden gel\u00f6scht, sobald sie f\u00fcr die Erreichung des Zweckes ihrer Erhebung nicht mehr erforderlich sind. Im Falle der Erfassung der Daten zur Bereitstellung der Website ist dies der Fall, wenn die jeweilige Sitzung beendet ist.<\/p>\n<p>&nbsp;<\/p>\n<p>Im Falle der Speicherung der Daten in Logfiles ist dies nach sp\u00e4testens <strong>30 Tagen<\/strong> der Fall. Eine dar\u00fcberhinausgehende Speicherung ist m\u00f6glich. In diesem Fall werden die IP-Adressen der Nutzer gel\u00f6scht oder verfremdet, sodass eine Zuordnung des aufrufenden Clients nicht mehr m\u00f6glich ist.<\/p>\n<h3>5. Widerspruchs- und Beseitigungsm\u00f6glichkeit<\/h3>\n<p>Die Erfassung der Daten zur Bereitstellung der Website und die Speicherung der Daten in Logfiles ist f\u00fcr den Betrieb der Internetseite zwingend erforderlich. Es besteht folglich seitens des Nutzers keine Widerspruchsm\u00f6glichkeit.<\/p>\n<p>&nbsp;<\/p>\n<h2>V. E-Mail-Kontakt<\/h2>\n<h3>1. Beschreibung und Umfang der Datenverarbeitung<\/h3>\n<p>Auf unserer Internetseite ist eine Kontaktaufnahme \u00fcber die bereitgestellte E-Mail-Adresse m\u00f6glich. In diesem Fall werden die mit der E-Mail \u00fcbermittelten personenbezogenen Daten des Nutzers gespeichert. Es erfolgt in diesem Zusammenhang keine Weitergabe der Daten an Dritte. Die Daten werden ausschlie\u00dflich f\u00fcr die Verarbeitung der Konversation verwendet.<\/p>\n<h3>2. Rechtsgrundlage f\u00fcr die Datenverarbeitung<\/h3>\n<p>Rechtsgrundlage f\u00fcr die Verarbeitung der Daten ist bei Vorliegen einer Einwilligung des Nutzers Art. 6 Abs. 1 Buchstabe a DSGVO. Rechtsgrundlage f\u00fcr die Verarbeitung der Daten, die im Zuge einer \u00dcbersendung einer E- Mail \u00fcbermittelt werden, ist Art. 6 Abs. 1 Buchstabe e, Abs. 3 Buchstabe b DS-GVO i.V.m. \u00a7 3 LDSG.<\/p>\n<h3>3. Zweck der Datenverarbeitung<\/h3>\n<p>Die Verarbeitung der personenbezogenen Daten aus der Eingabemaske dient allein zur Bearbeitung der Kontaktaufnahme. Die sonstigen w\u00e4hrend des Absendevorgangs verarbeiteten personenbezogenen Daten dienen dazu, einen Missbrauch des Kontaktformulars zu verhindern und die Sicherheit der informationstechnischen Systeme sicherzustellen.<\/p>\n<h3>4. Dauer der Speicherung<\/h3>\n<p>Die Daten werden gel\u00f6scht, sobald sie f\u00fcr die Erreichung des Zweckes ihrer Erhebung nicht mehr erforderlich sind. F\u00fcr die personenbezogenen Daten aus der Eingabemaske des Kontaktformulars und diejenigen, die per E-Mail \u00fcbersandt wurden, ist dies dann der Fall, wenn die jeweilige Konversation mit dem Nutzer beendet ist. Beendet ist die Konversation dann, wenn sich aus den Umst\u00e4nden entnehmen l\u00e4sst, dass der betroffene Sachverhalt abschlie\u00dfend gekl\u00e4rt ist.<\/p>\n<p>&nbsp;<\/p>\n<p>Die w\u00e4hrend des Absendevorgangs zus\u00e4tzlich erhobenen personenbezogenen Daten werden sp\u00e4testens nach einer Frist von sieben Tagen gel\u00f6scht.<\/p>\n<h3>5. Widerspruchs- und Beseitigungsm\u00f6glichkeit<\/h3>\n<p>Der Nutzer hat jederzeit die M\u00f6glichkeit, seine Einwilligung zur Verarbeitung der personenbezogenen Daten zu widerrufen. Nimmt der Nutzer per E-Mail Kontakt auf, so kann er der Speicherung seiner personenbezogenen Daten jederzeit widersprechen. In einem solchen Fall kann die Konversation nicht fortgef\u00fchrt werden.<\/p>\n<p>&nbsp;<\/p>\n<p>Der Widerspruch kann formfrei unter Angabe des Namens sowie der Kontaktdaten erfolgen und sollte an die Stelle gerichtet werden, welche die Auskunft verlangt hat, im Zweifel direkt an die Adresse des Verantwortlichen (siehe oben, Abschnitt I.)<\/p>\n<p>&nbsp;<\/p>\n<p>Alle personenbezogenen Daten, die im Zuge der Kontaktaufnahme gespeichert wurden, werden in diesem Fall gel\u00f6scht.<\/p>\n<h2>VI Webanalyse durch Matomo (ehemals PIWIK)<\/h2>\n<h3>1. Umfang der Verarbeitung personenbezogener Daten<\/h3>\n<p>Wir nutzen auf unserer Website das Open-Source-Software-Tool Matomo (ehemals PIWIK) zur Analyse des Surfverhaltens unserer Nutzer. Die Software setzt ein Cookie auf dem Rechner der Nutzer (zu Cookies siehe bereits oben). Werden Einzelseiten unserer Website aufgerufen, so werden folgende Daten gespeichert:<\/p>\n<ul>\n<li>Zwei Bytes der IP-Adresse des aufrufenden Systems des Nutzers<\/li>\n<li>Die aufgerufene Webseite<\/li>\n<li>Die Website, von der der Nutzer auf die aufgerufene Webseite gelangt ist (Referrer)<\/li>\n<li>Die Unterseiten, die von der aufgerufenen Webseite aus aufgerufen werden<\/li>\n<li>Die Verweildauer auf der Webseite<\/li>\n<li>Die H\u00e4ufigkeit des Aufrufs der Webseite<\/li>\n<\/ul>\n<p>Die Software l\u00e4uft dabei ausschlie\u00dflich auf den Servern unserer Webseite. Eine Speicherung der personenbezogenen Daten der Nutzer findet nur dort statt. Eine Weitergabe der Daten an Dritte erfolgt nicht.<\/p>\n<p>&nbsp;<\/p>\n<p>Die Software ist so eingestellt, dass die IP-Adressen nicht vollst\u00e4ndig gespeichert werden, sondern 2 Bytes der IP-Adresse maskiert werden (Bsp.:\u00a0 192.168.xxx.xxx). Auf diese Weise ist eine Zuordnung der gek\u00fcrzten IP-Adresse zum aufrufenden Rechner nicht mehr m\u00f6glich.<\/p>\n<h3>2. Rechtsgrundlage f\u00fcr die Verarbeitung personenbezogener Daten<\/h3>\n<p>Rechtsgrundlage f\u00fcr die Verarbeitung der Daten ist bei Vorliegen ihrer Einwilligung ist Art. 6 Abs. 1 Buchstabe a.<\/p>\n<h3>3. Zweck der Datenverarbeitung<\/h3>\n<p>Die Verarbeitung der personenbezogenen Daten unserer Nutzer erm\u00f6glicht uns eine Analyse ihres Surfverhaltens. Wir sind durch die Auswertung der gewonnen Daten in der Lage, Informationen \u00fcber die Nutzung der einzelnen Komponenten unserer Webseite zusammenzustellen. Dies hilft uns dabei, unsere Webseite und deren Nutzerfreundlichkeit stetig zu verbessern.<\/p>\n<h3>4. Dauer der Speicherung<\/h3>\n<p>Die Daten werden gel\u00f6scht, sobald sie f\u00fcr unsere Aufzeichnungszwecke nicht mehr ben\u00f6tigt werden.<\/p>\n<p>In unserem Fall ist dies nach 30 der Fall.<\/p>\n<h3>5. Widerspruchs- und Beseitigungsm\u00f6glichkeit<\/h3>\n<p>Einzelheiten \u00fcber die auf der Website eingesetzten Cookies, den spezifischen Zweck, den der jeweiligen Cookie erf\u00fcllt sowie eine Beschreibung, wie Sie diese Cookies l\u00f6schen k\u00f6nnen, entnehmen Sie bitte dem Abschnitt \u201eXI Informationen zu Cookies und Widerspruch Webanalyse\u201c.<\/p>\n<h2>VII. Rechte der betroffenen Person<\/h2>\n<p>Sie k\u00f6nnen von der Stadt Kaiserslautern eine Best\u00e4tigung dar\u00fcber verlangen, ob personenbezogene Daten, die Sie betreffen, verarbeitet werden. Auf Ihre Rechte zu Auskunft, Berichtigung, L\u00f6schung, Sperrung, \u00dcbertragbarkeit und Widerspruch bez\u00fcglich der erfassten personenbezogenen Daten wird ausdr\u00fccklich hingewiesen. Rechtsgrundlagen hierf\u00fcr sind die Artikel 15 bis 22 der Datenschutz-Grundverordnung. Diese Rechte k\u00f6nnen nach Artikel 23 DSGVO beschr\u00e4nkt werden.<\/p>\n<h3>a) Das Recht auf Auskunft (Art. 15 DSGVO)<\/h3>\n<p>Das Recht auf Auskunft bezieht sich auf die Verarbeitung ihrer personenbezogenen Daten und beinhaltet auch die Information \u00fcber andere wichtige Kriterien, wie beispielsweise die Verarbeitungszwecke oder die Dauer der Speicherung.<\/p>\n<h3>b) Recht auf Berichtigung (Art. 16 DSGVO)<\/h3>\n<p>Sie haben ein Recht auf Berichtigung und\/oder Vervollst\u00e4ndigung ihrer Daten gegen\u00fcber der Stadt Kaiserslautern, sofern die verarbeiteten personenbezogenen Daten, die Sie betreffen, unrichtig oder unvollst\u00e4ndig sind.<\/p>\n<h3>c) Recht auf L\u00f6schung (Art. 17 DSGVO)<\/h3>\n<p>Das Recht auf L\u00f6schung beinhaltet die M\u00f6glichkeit f\u00fcr die betroffene Person, Daten bei der Stadt Kaiserslautern l\u00f6schen zu lassen. Dies ist allerdings nur dann m\u00f6glich, wenn die sie betreffenden personenbezogenen Daten, f\u00fcr die Zwecke, f\u00fcr die sie erhoben wurden, nicht mehr notwendig sind, rechtswidrig verarbeitet werden oder eine Einwilligung zur Datenverarbeitung widerrufen wurde.<\/p>\n<h3>d) Recht auf Einschr\u00e4nkung der Verarbeitung (Art. 18 DSGVO)<\/h3>\n<p>Unter der Voraussetzung des Art. 18 DSGVO haben Sie das Recht, eine Einschr\u00e4nkung der Verarbeitung der Sie betreffenden Daten zu verlangen.<\/p>\n<h3>e) Recht auf Daten\u00fcbertragbarkeit (Art. 20 DSGVO)<\/h3>\n<p>Dieses Recht beinhaltet die M\u00f6glichkeit f\u00fcr Betroffene, die Sie angehenden personenbezogenen Daten in einem g\u00e4ngigen, maschinenlesbaren Format von der Stadt Kaiserslautern zu erhalten, um sie ggf. an einen anderen Verantwortlichen weiterleiten zu lassen. Nach Artikel 20 Abs. 3 Satz 2 DSGVO besteht dieses Recht nicht, wenn die Datenverarbeitung der Wahrnehmung der \u00f6ffentlichen Aufgaben der Stadt Kaiserslautern dient.<\/p>\n<h3>f) Recht auf Widerspruch (Artikel 21 DSGVO)<\/h3>\n<p>Sie haben das Recht aus Gr\u00fcnden, die sich aus ihrer besonderen Situation ergeben, jederzeit gegen die Verarbeitung der Sie betreffenden personenbezogenen Daten, die aufgrund von Art. 6 Abs. 3 Satz 1 Buchstabe e erfolgt, Widerspruch einzulegen. Dies gilt auch f\u00fcr ein auf diese Bestimmungen gest\u00fctztes Profiling. Die Stadt Kaiserslautern verarbeitet die Sie betreffenden personenbezogenen Daten im Falle eines Widerspruchs nicht mehr, es sei denn, sie kann zwingende schutzw\u00fcrdige Gr\u00fcnde f\u00fcr die Verarbeitung nachweisen, die Ihre Interessen, Rechte und Freiheiten \u00fcberwiegen, oder die Verarbeitung dient der Geltendmachung, Aus\u00fcbung oder Verteidigung von Rechtsanspr\u00fcchen. Sie haben die M\u00f6glichkeit, im Zusammenhang mit der Nutzung von Diensten der Informationsgesellschaft \u2013 ungeachtet der Richtlinie 2002\/58\/EG \u2013 Ihr Widerspruchsrecht mittels automatisierter Verfahren auszu\u00fcben, bei denen technische Spezifikationen verwendet werden.<\/p>\n<h3>g) Automatisierte Entscheidung im Einzelfall (Artikel 22 DSGVO)<\/h3>\n<p>Sie haben das Recht, nicht einer ausschlie\u00dflich auf einer automatisierten Verarbeitung -einschlie\u00dflich Profiling &#8211; beruhenden Entscheidung unterworfen zu werden, die Ihnen gegen\u00fcber rechtliche Wirkung entfaltet oder Sie in \u00e4hnlicher Weise erheblich beeintr\u00e4chtigt. Dies gilt nicht in den von Artikel 22 Abs. 2 normierten F\u00e4llen.<\/p>\n<h3>h) Recht auf Widerruf der datenschutzrechtlichen Einwilligungserkl\u00e4rung<\/h3>\n<p>Sie haben das Recht, Ihre datenschutzrechtliche Einwilligungserkl\u00e4rung jederzeit zu widerrufen. Durch den Widerruf der Einwilligung wird die Rechtm\u00e4\u00dfigkeit der aufgrund der Einwilligung bis zum Widerruf erfolgten Verarbeitung nicht ber\u00fchrt.<\/p>\n<h3>i) Recht auf Beschwerde bei einer Aufsichtsbeh\u00f6rde<\/h3>\n<p>Unbeschadet eines anderweitigen verwaltungsrechtlichen oder gerichtlichen Rechtsbehelfs steht Ihnen das Recht auf Beschwerde bei der Aufsichtsbeh\u00f6rde zu, wenn Sie der Ansicht sind, dass die Verarbeitung der Sie betreffenden personenbezogenen Daten gegen die DSGVO verst\u00f6\u00dft.<\/p>\n<p>&nbsp;<\/p>\n<p>Zust\u00e4ndige Aufsichtsbeh\u00f6rde ist der Landesbeauftragte f\u00fcr den Datenschutz Rheinland-Pfalz,<\/p>\n<p><em>Postfach 30 40, 55020 Mainz. Telefon: 06131\/208-2449; Fax: 06131\/208-2497<\/em><\/p>\n<p><em>E-Mail: poststelle(at)datenschutz.rlp.de.<\/em><\/p>\n<p><em>\u00a0<\/em><\/p>\n<p>Die Aufsichtsbeh\u00f6rde unterrichtet den Beschwerdef\u00fchrer \u00fcber den Stand und die Ergebnisse der Beschwerde einschlie\u00dflich der M\u00f6glichkeit eines gerichtlichen Rechtsbehelfs nach Art. 78 DSGVO.<\/p>\n<p>&nbsp;<\/p>\n<h2>VIII Informationen zu Cookies und Widerspruch Webanalyse<\/h2>\n<table>\n<tbody>\n<tr>\n<td width=\"617\">\n<p>Hier erfahren Sie Details zur Nutzung von Cookies und wie Sie der Verarbeitung Ihrer personenbezogenen Daten im Hinblick auf unsere Website (Cookies, Webanalyse) im Einzelnen widersprechen und\/oder die L\u00f6schung der hierbei erhobenen personenbezogenen Daten vornehmen k\u00f6nnen.<\/p>\n<\/td>\n<\/tr>\n<tr>\n<td width=\"617\">\n<h3>Informationen \u00fcber Cookies<\/h3>\n<\/td>\n<\/tr>\n<tr>\n<td width=\"617\">\n<p>Beim Aufruf unserer Website werden im Zwischenspeicher Ihres Browsers folgende Cookies gespeichert:<\/p>\n<\/td>\n<\/tr>\n<tr>\n<td width=\"617\">\n<p>&nbsp;<\/p>\n<\/td>\n<\/tr>\n<tr>\n<td width=\"617\">\n<table width=\"603\">\n<thead>\n<tr>\n<td width=\"172\">\n<p>Name<\/p>\n<\/td>\n<td width=\"69\">\n<p>Anbieter<\/p>\n<\/td>\n<td width=\"200\">\n<p>Zweck<\/p>\n<\/td>\n<td width=\"162\">\n<p>Ablaufdatum<\/p>\n<\/td>\n<\/tr>\n<\/thead>\n<tbody>\n<tr>\n<td width=\"172\">\n<p>_ pk_id.1.bc6f<\/p>\n<\/td>\n<td width=\"69\">\n<p>Matomo<\/p>\n<\/td>\n<td width=\"200\">\n<p>Statistische Auswertung des Websiteaufrufs (Analyse der Sitzungen) <br \/>Erkennt wiederkehrende Besucher\/innen<\/p>\n<\/td>\n<td width=\"162\">\n<p>L\u00f6schung nach einem Monat<\/p>\n<\/td>\n<\/tr>\n<tr>\n<td width=\"172\">\n<p>_pk_ses.1.bc6f<\/p>\n<\/td>\n<td width=\"69\">\n<p>Matomo<\/p>\n<\/td>\n<td width=\"200\">\n<p>Statistische Auswertung des Websiteaufrufs (Analyse des Aufrufs) <br \/>Erkennt kurzfristig wiederkehrende Besucher\/innen<\/p>\n<\/td>\n<td width=\"162\">\n<p>L\u00f6schung nach einem Tag<\/p>\n<\/td>\n<\/tr>\n<\/tbody>\n<\/table>\n<\/td>\n<\/tr>\n<tr>\n<td width=\"617\">\n<h3>L\u00f6schen von Cookies und Do-not-track Einstellung\u00a0<\/h3>\n<\/td>\n<\/tr>\n<tr>\n<td width=\"617\">\n<p>Cookies werden auf dem Rechner des Nutzers gespeichert und von diesem an unserer Seite \u00fcbermittelt. Daher haben Sie als Nutzer auch die volle Kontrolle \u00fcber die Verwendung von Cookies. Durch eine \u00c4nderung der Einstellungen in Ihrem Internetbrowser k\u00f6nnen Sie die \u00dcbertragung von Cookies deaktivieren oder einschr\u00e4nken. Bereits gespeicherte Cookies k\u00f6nnen jederzeit gel\u00f6scht werden. Dies kann auch automatisiert erfolgen. Werden Cookies f\u00fcr unsere Website deaktiviert, k\u00f6nnen m\u00f6glicherweise nicht mehr alle Funktionen der Website vollumf\u00e4nglich genutzt werden.<\/p>\n<\/td>\n<\/tr>\n<tr>\n<td width=\"617\">\n<p>&nbsp;<\/p>\n<\/td>\n<\/tr>\n<tr>\n<td width=\"617\">\n<p>Die meisten Browser bieten zudem eine sog. \u201eDo-Not-Track-Funktion\u201c an, mit der Sie angeben k\u00f6nnen, dass Sie nicht von Websites \u201everfolgt\u201c werden m\u00f6chten. Wenn diese Funktion aktiviert ist, teilt der jeweilige Browser Werbenetzwerken, Websites und Anwendungen mit, dass Sie nicht zwecks verhaltensbasierter Werbung und \u00c4hnlichem verfolgt werden m\u00f6chten.<\/p>\n<\/td>\n<\/tr>\n<tr>\n<td width=\"617\">\u00a0<\/td>\n<\/tr>\n<tr>\n<td width=\"617\">\u00a0<\/td>\n<\/tr>\n<tr>\n<td width=\"617\">\n<p>&nbsp;<\/p>\n<\/td>\n<\/tr>\n<\/tbody>\n<\/table>\n<p>&nbsp;<\/p>\n","protected":false},"excerpt":{"rendered":"<p>Datenschutzerkl\u00e4rung Mit diesen Datenschutzerkl\u00e4rung informieren wir Sie \u00fcber die Verarbeitung Ihrer personenbezogenen Daten auf der Website https:\/\/www.kaiserslautern.de durch uns sowie \u00fcber die Ihnen zustehenden Rechte. Soweit auf andere Seiten verlinkt wird, haben wir weder Einfluss noch Kontrolle auf die verlinkten Inhalte und die dortigen Datenschutzbestimmungen. Wir empfehlen, die Datenschutzerkl\u00e4rungen auf den Webseiten zu pr\u00fcfen, um [&hellip;]<\/p>\n","protected":false},"author":1,"featured_media":0,"parent":0,"menu_order":0,"comment_status":"closed","ping_status":"open","template":"","meta":[],"_links":{"self":[{"href":"https:\/\/www3.kaiserslautern.de\/gaco\/wp-json\/wp\/v2\/pages\/3"}],"collection":[{"href":"https:\/\/www3.kaiserslautern.de\/gaco\/wp-json\/wp\/v2\/pages"}],"about":[{"href":"https:\/\/www3.kaiserslautern.de\/gaco\/wp-json\/wp\/v2\/types\/page"}],"author":[{"embeddable":true,"href":"https:\/\/www3.kaiserslautern.de\/gaco\/wp-json\/wp\/v2\/users\/1"}],"replies":[{"embeddable":true,"href":"https:\/\/www3.kaiserslautern.de\/gaco\/wp-json\/wp\/v2\/comments?post=3"}],"version-history":[{"count":4,"href":"https:\/\/www3.kaiserslautern.de\/gaco\/wp-json\/wp\/v2\/pages\/3\/revisions"}],"predecessor-version":[{"id":318,"href":"https:\/\/www3.kaiserslautern.de\/gaco\/wp-json\/wp\/v2\/pages\/3\/revisions\/318"}],"wp:attachment":[{"href":"https:\/\/www3.kaiserslautern.de\/gaco\/wp-json\/wp\/v2\/media?parent=3"}],"curies":[{"name":"wp","href":"https:\/\/api.w.org\/{rel}","templated":true}]}}